l - 2. Let m be f(-3). Let h = m + 3264. What is the tens digit of h?
4
Suppose -s = -5*f + 8466, 6*f = 3*f - 2*s + 5077. What is the tens digit of f?
9
Let b(x) = -142*x + 70. Let m be b(8). Let q = -245 - m. What is the tens digit of q?
2
What is the tens digit of (-2 + (-6)/9)*20/(720/(-291681))?
0
Suppose 0 = -36*z + 40*z - 83*z + 2573267. What is the tens digit of z?
7
Suppose k - 4164 = -5*b, -5*k + 10*b - 8*b + 20901 = 0. Let l = -2471 + k. What is the hundreds digit of l?
7
Suppose 0 = z - 2*z - 527. Let j = 762 + z. What is the tens digit of j?
3
Suppose 2*n = 7*n - 13875. Suppose -5*u + 10*u - n = -2*s, -u = s - 552. What is the units digit of (25/30)/5 - u/(-6)?
3
Suppose 296*a - 157*a = 152*a - 490334. What is the tens digit of a?
1
Let q(m) = 276*m + 17013. What is the units digit of q(0)?
3
Suppose -47700 = -5*r + 5*h, -2*r - 2*h + 10825 + 8247 = 0. What is the units digit of r?
8
Let k(z) = z + 10. Let m be k(-7). Suppose d + 8*d = m*d. Suppose 13*i - 9*i - 352 = d. What is the units digit of i?
8
Suppose -3*q + 20396 = -5*s, 5*q + 5*s - 34016 = 2*s. Suppose 9*w = -10*w + q. What is the units digit of w?
8
Suppose 3*i - 1090 = -2*r, 0 = -5*r + i - 1016 + 3758. Let k = r - 170. What is the hundreds digit of k?
3
Suppose -33*g + 40222 = g. What is the units digit of g?
3
Suppose -25*p + 48355 = -6*p. Suppose 4*y = y - 2*g + p, -1684 = -2*y + 5*g. What is the tens digit of y?
4
Suppose -6*w - 4*x + 107368 = 0, 17*w - 71592 = 13*w + 4*x. What is the hundreds digit of w?
8
Suppose -2*d + 9 = -d. Suppose -m = 2*x + 5 - d, 3*m - 12 = -5*x. Suppose 2*w - 2*v - 542 = x, w = -2*v - 100 + 371. What is the tens digit of w?
7
Suppose -75*z - 89*z = 10*z - 13368942. What is the ten thousands digit of z?
7
What is the thousands digit of 2/((-6)/(-4) + 1331526/(-106524) + 11)?
8
Suppose -49 + 37 = -4*c. Suppose 7 = k - c*x - x, x = -1. Suppose -2*t + 3*q + 252 = 0, 4*t = 5*t - k*q - 120. What is the tens digit of t?
3
Let o(q) = -703*q + 1563. What is the hundreds digit of o(-6)?
7
Suppose s - 1662 = -2*v, -4*s - 270*v + 271*v + 6603 = 0. What is the hundreds digit of s?
6
Let d be 12 + -6 + 0 + 8. Suppose 4*f + 1730 = d*f. What is the units digit of f?
3
Let s(d) be the third derivative of -2*d**5/5 + 5*d**4/24 - d**3/3 - 25*d**2. Let n be s(1). Let i(l) = l**2 + 19*l + 22. What is the tens digit of i(n)?
6
Suppose 17*o = 50*o - 364320. What is the tens digit of o?
4
Let b = -608 + 8421. What is the hundreds digit of b?
8
What is the hundreds digit of 1479132/81 + -14 - 20/(-18)?
2
Suppose 28*c = 24*c + 160. What is the units digit of 15/c + (0 - (-6749)/8)?
4
Let z = -71 + 108. Let s = z + -34. Suppose 142 = s*q - 2*p, p - 67 + 23 = -q. What is the units digit of q?
6
What is the tens digit of (-1)/4*-53236 + -19?
9
Let q(l) = 30*l + 2611. What is the hundreds digit of q(-33)?
6
Let d(f) = 2*f**2 + 9*f - 16. Let x be d(-6). Suppose -464 = -3*m + 5*v, 6*m + x*v + 308 = 8*m. What is the tens digit of m?
5
Let f(j) be the third derivative of -j**6/180 - j**5/30 + 11*j**4/24 + 12*j**2. Let a(r) be the second derivative of f(r). What is the units digit of a(-2)?
4
Let m(u) = 283*u**3 - 5*u**2 - 17*u + 23. What is the hundreds digit of m(6)?
8
Let w be (456/(-64) - -7) + 33/8. What is the tens digit of (-843)/((-5)/20*w)?
4
Let o(r) = -7*r + 18. Let i be o(2). Suppose i*z + 2*n + 968 = 0, 3*z - 2*n + 498 + 221 = 0. Let h = 44 - z. What is the hundreds digit of h?
2
Let g = 142 + -214. Suppose 35*u = 2782 + 1803. Let x = u + g. What is the tens digit of x?
5
Suppose 238 - 244 = -p. Suppose 0 = z - 2*d - 284, p*d - 2*d = -z + 302. What is the tens digit of z?
9
Let f(u) = 2*u**3 - u**2 + 5*u - 1. Let p be f(7). Let x = p + -203. Suppose 17*o - x = 15*o. What is the units digit of o?
4
Let j = 5880 - 4155. What is the thousands digit of j?
1
Let d(t) = 2*t**3 - 30*t**2 + 110*t - 755. What is the ten thousands digit of d(25)?
1
Suppose -76*s = -217*s + 885339. What is the thousands digit of s?
6
Suppose 31 = 3*r + 40, -q + 2*r = -6915. What is the units digit of q?
9
Suppose -3*g + 8*g + 10 = 0, -5*b - 4*g = -32. Let d = b + 693. What is the hundreds digit of d?
7
Suppose -17 = 6*k + 19. Let b(s) = 5*s + 40. Let v be b(k). What is the units digit of ((-6)/v - 1424/(-40)) + 4?
9
Let a(d) = 39*d**2 + 276*d + 56. What is the ten thousands digit of a(-23)?
1
Let r = -20309 + 49062. What is the units digit of r?
3
Let d = 8 + -11. Let i(q) be the first derivative of -q**4/2 + 3*q**2/2 + 3*q + 1785. What is the units digit of i(d)?
8
Suppose -39*d = 32*d - 52*d - 452124. What is the thousands digit of d?
3
Let v(j) = 43*j + 166. Let q be (-190)/25*50/(-20). What is the units digit of v(q)?
3
Let a(s) = 287*s**2 - 25*s + 25. Let l be a(1). Suppose -l*q = -278*q - 1053. What is the hundreds digit of q?
1
Let b(m) = 0*m**3 - 5*m + 14*m**3 - 45932*m**2 - 1 + 22963*m**2 + 22969*m**2. Suppose 2*r + 6 = 5*r. What is the tens digit of b(r)?
0
Suppose 2*m + 2*a + 382 = 0, 302 - 1060 = 4*m - 2*a. Let w = 78 - m. What is the units digit of w?
8
Let g = -5467 + 10049. Suppose -6*n + g + 470 = 0. What is the hundreds digit of n?
8
Let s = -542 - -504. What is the tens digit of 4/s + 28130/95?
9
Let s be 3/(1*-24) - (-34)/16. Suppose 3*x + 7*h = s*h - 33, 21 = -5*x + 3*h. What is the tens digit of -1 - -64 - (-6)/(-12)*x?
6
Suppose 0 = 7*l - 2*l - 4*n + 545, 0 = n + 5. Let z = l + 482. What is the tens digit of z?
6
Suppose -8 = r - 3*r. Suppose -4 = -r*p - 3*a, -8*a + 3*a = 4*p + 4. Suppose 389 = p*k - 5*f, 5*k = -f + 606 - 98. What is the hundreds digit of k?
1
Let d(m) = 1949*m + 291. What is the tens digit of d(7)?
3
What is the units digit of (-753208)/(-264) - (-10)/(-165)*1?
3
Let k be -4 - (1 + -15)*8. Suppose 5*l = 2*f + 29, 5*l - 3*f - 21 = 2*l. Suppose l*m - k = -m. What is the tens digit of m?
1
What is the tens digit of 43768515/1316 + 2/8?
5
Suppose -10*u + 1621 = 271. Let b = u + 202. What is the tens digit of b?
3
Let g(m) = 67*m**2 + 23*m - 117. What is the tens digit of g(4)?
4
Let m(o) = 24*o**2 - 75*o + 751. What is the units digit of m(11)?
0
Let v(i) = i**2 - 40*i + 303. Let g be v(10). Suppose -55*o + 53*o + 96 = 5*f, -g*f = -5*o - 70. What is the tens digit of f?
2
Suppose -9857 = 18*h + 19897. Let v = 2368 + h. What is the units digit of v?
5
Suppose -2*i = v - 23121 + 7674, -3*i + 23183 = -v. What is the thousands digit of i?
7
Suppose 2*n + 5*a = -21, -4*a - 4 = 2*n + 14. Let k be -8 + 2 + n/(-1). What is the hundreds digit of (k + -2)*(-1 + (-612)/10)?
3
Let v be (0 + 1)/((-1)/2) + 10. Let i be (13 - v)*(-2)/(-2). Suppose i*t - 313 = 707. What is the hundreds digit of t?
2
Let c(r) = 4*r**2 + 41*r + 17. What is the units digit of c(-17)?
6
What is the thousands digit of (36015/6 - (-6)/((-14)/(-7)))*2?
2
Suppose -23066 - 46 = -4*b. Suppose b = 12*t + 6*t. What is the units digit of t?
1
Suppose -87*b - 105 = -90*b. Let u(f) = -f**3 + 38*f**2 - 81*f - 10. What is the units digit of u(b)?
0
What is the units digit of (2303/(-14))/(31/(-1612))?
4
Suppose 5*d - 2*z + 4*z - 5360 = 0, 5360 = 5*d - 5*z. Suppose 4*h - 412 = d. What is the hundreds digit of h?
3
Let i be -381*(-2 - (-3 + (-16)/(-12))). Let g be (-3)/(-27)*-3 + i/3. Let b = 59 - g. What is the units digit of b?
7
Let u = 61761 + -42699. What is the units digit of u?
2
Let g(n) be the third derivative of n**4/8 + 2*n**3 - 22*n**2. Let p be g(-11). Let i = 103 - p. What is the hundreds digit of i?
1
Suppose -25*z + 483024 = -2*z - 691862. What is the units digit of z?
2
Let w be 22/18 - 48/216. Let y be (20/12)/(w/69). Suppose 3*u - 503 = y. What is the units digit of u?
6
Let j = 116 + -373. Let z = j - -523. What is the units digit of z?
6
Suppose 95 = -5*b + i, -4*b + 21 = -6*b - 3*i. What is the units digit of 543*(4 + 75/b)*-2?
1
What is the units digit of (96/(-4))/((12/16)/(38/(-4)))?
4
Let x(c) = -6*c + 3*c**2 - 1 + c**3 - 2*c - 4*c + 10*c. Let w be x(-3). Suppose -w*a = -4*r + 871, 409 + 28 = 2*r - a. What is the tens digit of r?
1
Let h be (-8 - (-6 - -18114))*(-2 + 1). What is the units digit of h/126 + 0 + (-2)/(-9)?
4
Let q = -215 + 215. Suppose 7*b - 559 - 512 = q. What is the hundreds digit of b?
1
Let i(b) = 160*b**3 - 3*b**2 - 3*b - 8. Let c be i(-2). Let r = -641 - c